{"id":4987,"date":"2025-11-10T10:58:41","date_gmt":"2025-11-10T09:58:41","guid":{"rendered":"https:\/\/studiomarangoni.it\/?post_type=alumni&#038;p=4987"},"modified":"2025-11-10T10:59:45","modified_gmt":"2025-11-10T09:59:45","slug":"michelle-davis","status":"publish","type":"alumni","link":"https:\/\/studiomarangoni.it\/en\/alumni\/michelle-davis\/","title":{"rendered":"Michelle Davis"},"content":{"rendered":"<div>Nata negli Stati Uniti\u00a0e cresciuta in Italia,\u00a0<a href=\"https:\/\/www.instagram.com\/michelledavisizm?utm_source=ig_web_button_share_sheet&amp;igsh=ZDNlZDc0MzIxNw==\">Michelle Davis<\/a>\u00a0vive e lavora a Firenze.<\/div>\n<div>Dopo aver completato gli studi in pittura presso l\u2019Accademia di Belle Arti di Firenze e L\u2019Acad\u00e9mie Royale des Beaux-Arts di Bruxelles, si \u00e8 iscritta al corso triennale di Fotografia e New Media tenuto presso la Fondazione Studio Marangoni, dove si \u00e8 diplomata nel 2022.<\/div>\n<div><\/div>\n<div>Appassionata del medium analogico, esplora il potenziale evocativo e taumaturgico delle immagini portando avanti una ricerca basata sulla sperimentazione di nuove forme di narrazione. I suoi lavori fotografici sono\u00a0stati\u00a0esposti all\u2019edizione 2013 del Festival Digiarte, l\u2019Istituto degli Innocenti, Institut Fran\u00e7ais, Cango, Galleria Isolotto, Libreria L\u2019Ornitorinco e a Cortona on The Move 2024.<\/div>\n<div>Nel 2022 il suo progetto \u201cSplit Land\u201d \u00e9 stato selezionato e messo in mostra al festival FotoConfronti di Bibbiena e all\u2019interno del concorso nazionale Young Photographers from Italian Academies prodotto dal Ragusa Foto Festival.<\/div>\n<div>Al momento insegna corsi di fotografia digitale e analogica in diverse scuole internazionali, affiancando a questi attivit\u00e0 di deejay, traduttrice e curatrice. Nell&#8217;estate del 2025 ha svolto un periodo di apprendistato a Parigi presso il prestigioso laboratorio di stampa analogica fine art Diamantino Labo Photo. \u00c8 co-fondatrice di Camera38 &#8211; Community Darkroom di Firenze.<\/div>\n","protected":false},"excerpt":{"rendered":"<p>Nata negli Stati Uniti\u00a0e cresciuta in Italia,\u00a0Michelle Davis\u00a0vive e lavora a Firenze. Dopo aver completato gli studi in pittura presso [&hellip;]<\/p>\n","protected":false},"featured_media":5014,"template":"single-alumni.php","meta":{"_acf_changed":false},"class_list":["post-4987","alumni","type-alumni","status-publish","has-post-thumbnail","hentry"],"acf":[],"yoast_head":"<!-- This site is optimized with the Yoast SEO plugin v27.2 - https:\/\/yoast.com\/product\/yoast-seo-wordpress\/ -->\n<title>Michelle Davis - Studio Marangoni<\/title>\n<meta name=\"robots\" content=\"index, follow, max-snippet:-1, max-image-preview:large, max-video-preview:-1\" \/>\n<link rel=\"canonical\" href=\"https:\/\/studiomarangoni.it\/alumni\/michelle-davis\/\" \/>\n<meta property=\"og:locale\" content=\"en_US\" \/>\n<meta property=\"og:type\" content=\"article\" \/>\n<meta property=\"og:title\" content=\"Michelle Davis - Studio Marangoni\" \/>\n<meta property=\"og:description\" content=\"Nata negli Stati Uniti\u00a0e cresciuta in Italia,\u00a0Michelle Davis\u00a0vive e lavora a Firenze. Dopo aver completato gli studi in pittura presso [&hellip;]\" \/>\n<meta property=\"og:url\" content=\"https:\/\/studiomarangoni.it\/alumni\/michelle-davis\/\" \/>\n<meta property=\"og:site_name\" content=\"Studio Marangoni\" \/>\n<meta property=\"article:publisher\" content=\"https:\/\/www.facebook.com\/pages\/Fondazione-Studio-Marangoni\/86752893724\" \/>\n<meta property=\"article:modified_time\" content=\"2025-11-10T09:59:45+00:00\" \/>\n<meta property=\"og:image\" content=\"https:\/\/studiomarangoni.it\/wp-content\/uploads\/2025\/11\/image1-4.webp\" \/>\n\t<meta property=\"og:image:width\" content=\"600\" \/>\n\t<meta property=\"og:image:height\" content=\"600\" \/>\n\t<meta property=\"og:image:type\" content=\"image\/webp\" \/>\n<meta name=\"twitter:card\" content=\"summary_large_image\" \/>\n<meta name=\"twitter:site\" content=\"@fsm_firenze\" \/>\n<meta name=\"twitter:label1\" content=\"Est. reading time\" \/>\n\t<meta name=\"twitter:data1\" content=\"2 minutes\" \/>\n<script type=\"application\/ld+json\" class=\"yoast-schema-graph\">{\"@context\":\"https:\/\/schema.org\",\"@graph\":[{\"@type\":\"WebPage\",\"@id\":\"https:\/\/studiomarangoni.it\/alumni\/michelle-davis\/\",\"url\":\"https:\/\/studiomarangoni.it\/alumni\/michelle-davis\/\",\"name\":\"Michelle Davis - Studio Marangoni\",\"isPartOf\":{\"@id\":\"https:\/\/studiomarangoni.it\/#website\"},\"primaryImageOfPage\":{\"@id\":\"https:\/\/studiomarangoni.it\/alumni\/michelle-davis\/#primaryimage\"},\"image\":{\"@id\":\"https:\/\/studiomarangoni.it\/alumni\/michelle-davis\/#primaryimage\"},\"thumbnailUrl\":\"https:\/\/studiomarangoni.it\/wp-content\/uploads\/2025\/11\/image1-4.webp\",\"datePublished\":\"2025-11-10T09:58:41+00:00\",\"dateModified\":\"2025-11-10T09:59:45+00:00\",\"breadcrumb\":{\"@id\":\"https:\/\/studiomarangoni.it\/alumni\/michelle-davis\/#breadcrumb\"},\"inLanguage\":\"en-US\",\"potentialAction\":[{\"@type\":\"ReadAction\",\"target\":[\"https:\/\/studiomarangoni.it\/alumni\/michelle-davis\/\"]}]},{\"@type\":\"ImageObject\",\"inLanguage\":\"en-US\",\"@id\":\"https:\/\/studiomarangoni.it\/alumni\/michelle-davis\/#primaryimage\",\"url\":\"https:\/\/studiomarangoni.it\/wp-content\/uploads\/2025\/11\/image1-4.webp\",\"contentUrl\":\"https:\/\/studiomarangoni.it\/wp-content\/uploads\/2025\/11\/image1-4.webp\",\"width\":600,\"height\":600},{\"@type\":\"BreadcrumbList\",\"@id\":\"https:\/\/studiomarangoni.it\/alumni\/michelle-davis\/#breadcrumb\",\"itemListElement\":[{\"@type\":\"ListItem\",\"position\":1,\"name\":\"Home\",\"item\":\"https:\/\/studiomarangoni.it\/en\/\"},{\"@type\":\"ListItem\",\"position\":2,\"name\":\"Michelle Davis\"}]},{\"@type\":\"WebSite\",\"@id\":\"https:\/\/studiomarangoni.it\/#website\",\"url\":\"https:\/\/studiomarangoni.it\/\",\"name\":\"Studio Marangoni\",\"description\":\"Iniziative di Fotografia Contemporanea\",\"publisher\":{\"@id\":\"https:\/\/studiomarangoni.it\/#organization\"},\"potentialAction\":[{\"@type\":\"SearchAction\",\"target\":{\"@type\":\"EntryPoint\",\"urlTemplate\":\"https:\/\/studiomarangoni.it\/?s={search_term_string}\"},\"query-input\":{\"@type\":\"PropertyValueSpecification\",\"valueRequired\":true,\"valueName\":\"search_term_string\"}}],\"inLanguage\":\"en-US\"},{\"@type\":\"Organization\",\"@id\":\"https:\/\/studiomarangoni.it\/#organization\",\"name\":\"Studio Marangoni\",\"url\":\"https:\/\/studiomarangoni.it\/\",\"logo\":{\"@type\":\"ImageObject\",\"inLanguage\":\"en-US\",\"@id\":\"https:\/\/studiomarangoni.it\/#\/schema\/logo\/image\/\",\"url\":\"https:\/\/studiomarangoni.it\/wp-content\/uploads\/2025\/10\/Logo_SM_IFC_sito-scaled.png\",\"contentUrl\":\"https:\/\/studiomarangoni.it\/wp-content\/uploads\/2025\/10\/Logo_SM_IFC_sito-scaled.png\",\"width\":2560,\"height\":373,\"caption\":\"Studio Marangoni\"},\"image\":{\"@id\":\"https:\/\/studiomarangoni.it\/#\/schema\/logo\/image\/\"},\"sameAs\":[\"https:\/\/www.facebook.com\/pages\/Fondazione-Studio-Marangoni\/86752893724\",\"https:\/\/x.com\/fsm_firenze\",\"https:\/\/www.instagram.com\/fondazionestudiomarangoni\",\"https:\/\/it.linkedin.com\/in\/fondazione-studio-marangoni-b33ba329?trk=public_profile_browsemap\",\"https:\/\/www.pinterest.com\/studiomarangoni\/events\/\",\"https:\/\/vimeo.com\/user11800347\"]}]}<\/script>\n<!-- \/ Yoast SEO plugin. -->","yoast_head_json":{"title":"Michelle Davis - Studio Marangoni","robots":{"index":"index","follow":"follow","max-snippet":"max-snippet:-1","max-image-preview":"max-image-preview:large","max-video-preview":"max-video-preview:-1"},"canonical":"https:\/\/studiomarangoni.it\/alumni\/michelle-davis\/","og_locale":"en_US","og_type":"article","og_title":"Michelle Davis - Studio Marangoni","og_description":"Nata negli Stati Uniti\u00a0e cresciuta in Italia,\u00a0Michelle Davis\u00a0vive e lavora a Firenze. Dopo aver completato gli studi in pittura presso [&hellip;]","og_url":"https:\/\/studiomarangoni.it\/alumni\/michelle-davis\/","og_site_name":"Studio Marangoni","article_publisher":"https:\/\/www.facebook.com\/pages\/Fondazione-Studio-Marangoni\/86752893724","article_modified_time":"2025-11-10T09:59:45+00:00","og_image":[{"width":600,"height":600,"url":"https:\/\/studiomarangoni.it\/wp-content\/uploads\/2025\/11\/image1-4.webp","type":"image\/webp"}],"twitter_card":"summary_large_image","twitter_site":"@fsm_firenze","twitter_misc":{"Est. reading time":"2 minutes"},"schema":{"@context":"https:\/\/schema.org","@graph":[{"@type":"WebPage","@id":"https:\/\/studiomarangoni.it\/alumni\/michelle-davis\/","url":"https:\/\/studiomarangoni.it\/alumni\/michelle-davis\/","name":"Michelle Davis - Studio Marangoni","isPartOf":{"@id":"https:\/\/studiomarangoni.it\/#website"},"primaryImageOfPage":{"@id":"https:\/\/studiomarangoni.it\/alumni\/michelle-davis\/#primaryimage"},"image":{"@id":"https:\/\/studiomarangoni.it\/alumni\/michelle-davis\/#primaryimage"},"thumbnailUrl":"https:\/\/studiomarangoni.it\/wp-content\/uploads\/2025\/11\/image1-4.webp","datePublished":"2025-11-10T09:58:41+00:00","dateModified":"2025-11-10T09:59:45+00:00","breadcrumb":{"@id":"https:\/\/studiomarangoni.it\/alumni\/michelle-davis\/#breadcrumb"},"inLanguage":"en-US","potentialAction":[{"@type":"ReadAction","target":["https:\/\/studiomarangoni.it\/alumni\/michelle-davis\/"]}]},{"@type":"ImageObject","inLanguage":"en-US","@id":"https:\/\/studiomarangoni.it\/alumni\/michelle-davis\/#primaryimage","url":"https:\/\/studiomarangoni.it\/wp-content\/uploads\/2025\/11\/image1-4.webp","contentUrl":"https:\/\/studiomarangoni.it\/wp-content\/uploads\/2025\/11\/image1-4.webp","width":600,"height":600},{"@type":"BreadcrumbList","@id":"https:\/\/studiomarangoni.it\/alumni\/michelle-davis\/#breadcrumb","itemListElement":[{"@type":"ListItem","position":1,"name":"Home","item":"https:\/\/studiomarangoni.it\/en\/"},{"@type":"ListItem","position":2,"name":"Michelle Davis"}]},{"@type":"WebSite","@id":"https:\/\/studiomarangoni.it\/#website","url":"https:\/\/studiomarangoni.it\/","name":"Studio Marangoni","description":"Iniziative di Fotografia Contemporanea","publisher":{"@id":"https:\/\/studiomarangoni.it\/#organization"},"potentialAction":[{"@type":"SearchAction","target":{"@type":"EntryPoint","urlTemplate":"https:\/\/studiomarangoni.it\/?s={search_term_string}"},"query-input":{"@type":"PropertyValueSpecification","valueRequired":true,"valueName":"search_term_string"}}],"inLanguage":"en-US"},{"@type":"Organization","@id":"https:\/\/studiomarangoni.it\/#organization","name":"Studio Marangoni","url":"https:\/\/studiomarangoni.it\/","logo":{"@type":"ImageObject","inLanguage":"en-US","@id":"https:\/\/studiomarangoni.it\/#\/schema\/logo\/image\/","url":"https:\/\/studiomarangoni.it\/wp-content\/uploads\/2025\/10\/Logo_SM_IFC_sito-scaled.png","contentUrl":"https:\/\/studiomarangoni.it\/wp-content\/uploads\/2025\/10\/Logo_SM_IFC_sito-scaled.png","width":2560,"height":373,"caption":"Studio Marangoni"},"image":{"@id":"https:\/\/studiomarangoni.it\/#\/schema\/logo\/image\/"},"sameAs":["https:\/\/www.facebook.com\/pages\/Fondazione-Studio-Marangoni\/86752893724","https:\/\/x.com\/fsm_firenze","https:\/\/www.instagram.com\/fondazionestudiomarangoni","https:\/\/it.linkedin.com\/in\/fondazione-studio-marangoni-b33ba329?trk=public_profile_browsemap","https:\/\/www.pinterest.com\/studiomarangoni\/events\/","https:\/\/vimeo.com\/user11800347"]}]}},"_links":{"self":[{"href":"https:\/\/studiomarangoni.it\/en\/wp-json\/wp\/v2\/alumni\/4987","targetHints":{"allow":["GET"]}}],"collection":[{"href":"https:\/\/studiomarangoni.it\/en\/wp-json\/wp\/v2\/alumni"}],"about":[{"href":"https:\/\/studiomarangoni.it\/en\/wp-json\/wp\/v2\/types\/alumni"}],"wp:featuredmedia":[{"embeddable":true,"href":"https:\/\/studiomarangoni.it\/en\/wp-json\/wp\/v2\/media\/5014"}],"wp:attachment":[{"href":"https:\/\/studiomarangoni.it\/en\/wp-json\/wp\/v2\/media?parent=4987"}],"curies":[{"name":"wp","href":"https:\/\/api.w.org\/{rel}","templated":true}]}}

<div>Nata negli Stati Uniti e cresciuta in Italia, <a href="https://www.instagram.com/michelledavisizm?utm_source=ig_web_button_share_sheet&amp;igsh=ZDNlZDc0MzIxNw==">Michelle Davis</a> vive e lavora a Firenze.</div>
<div>Dopo aver completato gli studi in pittura presso l’Accademia di Belle Arti di Firenze e L’Académie Royale des Beaux-Arts di Bruxelles, si è iscritta al corso triennale di Fotografia e New Media tenuto presso la Fondazione Studio Marangoni, dove si è diplomata nel 2022.</div>
<div></div>
<div>Appassionata del medium analogico, esplora il potenziale evocativo e taumaturgico delle immagini portando avanti una ricerca basata sulla sperimentazione di nuove forme di narrazione. I suoi lavori fotografici sono stati esposti all’edizione 2013 del Festival Digiarte, l’Istituto degli Innocenti, Institut Français, Cango, Galleria Isolotto, Libreria L’Ornitorinco e a Cortona on The Move 2024.</div>
<div>Nel 2022 il suo progetto “Split Land” é stato selezionato e messo in mostra al festival FotoConfronti di Bibbiena e all’interno del concorso nazionale Young Photographers from Italian Academies prodotto dal Ragusa Foto Festival.</div>
<div>Al momento insegna corsi di fotografia digitale e analogica in diverse scuole internazionali, affiancando a questi attività di deejay, traduttrice e curatrice. Nell&#8217;estate del 2025 ha svolto un periodo di apprendistato a Parigi presso il prestigioso laboratorio di stampa analogica fine art Diamantino Labo Photo. È co-fondatrice di Camera38 &#8211; Community Darkroom di Firenze.</div>
